se 10) to base 16
335
What is -2c52 (base 13) in base 5?
-201424
Convert -1154 (base 14) to base 8.
-5706
3ede (base 16) to base 11
11101
Convert 101011011001 (base 2) to base 4.
223121
-17622 (base 8) to base 11
-6088
Convert 1100 (base 4) to base 3.
2222
What is 13454 (base 10) in base 12?
7952
What is bd8 (base 14) in base 6?
14510
-1486 (base 11) to base 7
-5365
Convert -1100001100000111 (base 2) to base 4.
-30030013
What is -21182 (base 11) in base 15?
-91ee
132301 (base 5) to base 10
5326
What is -1412 (base 5) in base 10?
-232
Convert 25456 (base 9) to base 15.
512c
What is 303 (base 10) in base 11?
256
Convert 643 (base 14) to base 15.
575
1111010000 (base 2) to base 10
976
1cbf (base 16) to base 14
2979
Convert -21c7 (base 14) to base 6.
-43043
Convert 200310 (base 4) to base 12.
1270
Convert -11363 (base 7) to base 4.
-231320
Convert -93ab (base 16) to base 10.
-37803
-21 (base 8) to base 5
-32
-eb3 (base 16) to base 9
-5141
Convert 3595 (base 13) to base 2.
1110110000110
1b465 (base 12) to base 11
28395
Convert 182 (base 15) to base 13.
209
What is 14322 (base 6) in base 7?
6440
What is -1102010102 (base 3) in base 12?
-14102
Convert -3b5 (base 14) to base 3.
-1000200
What is -10001001001 (base 2) in base 5?
-13342
What is 54165 (base 7) in base 11?
a139
1010 (base 9) to base 16
2e2
What is 5185 (base 9) in base 5?
110203
What is -1601 (base 7) in base 3?
-212122
-140 (base 16) to base 9
-385
What is -1736 (base 8) in base 3?
-1100200
Convert 213 (base 10) to base 16.
d5
Convert -3388 (base 10) to base 5.
-102023
100010111000 (base 2) to base 7
6336
Convert 185 (base 14) to base 12.
221
10111011 (base 2) to base 15
c7
-110100011100111 (base 2) to base 16
-68e7
Convert -24041 (base 5) to base 9.
-2377
51871 (base 9) to base 12
1799a
Convert 11401 (base 5) to base 14.
44b
What is 273 (base 14) in base 7?
1303
What is 882 (base 11) in base 16?
422
Convert 645 (base 14) to base 3.
1200211
What is -1201112 (base 3) in base 10?
-1256
Convert -21213 (base 5) to base 13.
-863
1021 (base 11) to base 2
10101001010
What is -101100010 (base 2) in base 14?
-1b4
Convert -276c (base 15) to base 3.
-102120010
What is 7661 (base 9) in base 5?
140034
What is -1102221 (base 3) in base 13?
-62b
-332 (base 10) to base 7
-653
Convert -b848 (base 13) to base 2.
-110001111101011
Convert -111021 (base 4) to base 10.
-1353
Convert 2105 (base 10) to base 12.
1275
What is -151 (base 8) in base 15?
-70
What is -2722 (base 11) in base 16?
-dcd
What is 18ac (base 15) in base 4?
1103121
Convert -3110 (base 8) to base 11.
-1232
367 (base 9) to base 13
1a5
20061 (base 9) to base 8
31571
365 (base 14) to base 13
401
111101010100 (base 2) to base 15
1269
What is 602 (base 16) in base 7?
4325
-221201 (base 6) to base 8
-44001
What is 22081 (base 10) in base 4?
11121001
What is -436 (base 12) in base 6?
-2510
Convert 9a8c (base 14) to base 8.
64234
-20423 (base 7) to base 8
-11627
20020121 (base 3) to base 14
1932
-2110 (base 4) to base 16
-94
Convert 201100222 (base 3) to base 13.
6572
Convert -6647 (base 11) to base 2.
-10001000111011
11111010 (base 2) to base 14
13c
Convert 10111001 (base 2) to base 4.
2321
What is -1a74 (base 13) in base 12?
-237a
What is -105805 (base 9) in base 16?
-f773
What is -2303 (base 9) in base 12?
-ba0
Convert -a3b6 (base 12) to base 11.
-12458
Convert -45023 (base 7) to base 4.
-2301020
What is 400330 (base 6) in base 7?
160023
-4181 (base 10) to base 14
-1749
Convert 1320222 (base 4) to base 6.
55430
What is -130c (base 16) in base 8?
-11414
Convert -66777 (base 10) to base 4.
-100103121
What is 12413 (base 8) in base 15?
18e2
Convert -116b1 (base 13) to base 9.
-47702
What is 1001120 (base 3) in base 9?
1046
Convert 14432 (base 5) to base 2.
10011011010
What is -200101102 (base 3) in base 7?
-54035
What is -61 (base 15) in base 2?
-1011011
What is -10c2 (base 14) in base 6?
-21254
-40411 (base 5) to base 2
-101000101110
What is -20233 (base 5) in base 7?
-3562
What is 256 (base 12) in base 13?
213
2020110020 (base 3) to base 11
30124
What is -2d0 (base 14) in base 2?
-1000111110
11015 (base 6) to base 2
10111110011
What is -4c13 (base 15) in base 6?
-203030
Convert 102311110 (base 4) to base 8.
226524
Convert 120222 (base 3) to base 16.
1af
What is 170 (base 13) in base 10?
260
Convert -3380 (base 11) to base 16.
-115c
Convert 21250 (base 7) to base 9.
7214
-c6f (base 16) to base 11
-2434
-310334 (base 6) to base 2
-110000010110010
43321 (base 5) to base 9
4050
What is -679 (base 11) in base 12?
-578
-99a7 (base 12) to base 14
-6287
What is -ceb (base 15) in base 7?
-11342
What is -1111100011 (base 3) in base 13?
-10501
What is 114 (base 16) in base 12?
1b0
-34512 (base 6) to base 10
-4940
Convert 11321 (base 5) to base 7.
2303
What is -9bb (base 15) in base 4?
-202121
What is 1011100011111 (base 2) in base 13?
2904
What is 3143 (base 9) in base 14?
bab
123 (base 14) to base 11
197
13103 (base 4) to base 11
395
16b0 (base 14) to base 6
30510
Convert -111010001110 (base 2) to base 10.
-3726
-381 (base 14) to base 2
-1010111101
What is 44434 (base 10) in base 12?
2186a
What is -13912 (base 12) in base 6?
-330022
1302032 (base 4) to base 10
7310
What is -1178 (base 10) in base 16?
-49a
-10596 (base 10) to base 14
-3c0c
Convert -3029 (base 10) to base 4.
-233111
Convert -320 (base 13) to base 10.
-533
Convert be5 (base 16) to base 12.
1919
Convert -82b3 (base 15) to base 6.
-331510
What is -38600 (base 10) in base 13?
-14753
What is 4002 (base 5) in base 14?
27c
-3847 (base 9) to base 13
-1405
What is -12b (base 12) in base 3?
-20122
Convert -68a8 (base 14) to base 7.
-104001
Convert -42b (base 12) to base 11.
-506
-163a0 (base 13) to base 2
-1010010110001100
-32014 (base 6) to base 9
-5841
Convert 40313 (base 5) to base 15.
b73
Convert 22334 (base 8) to base 15.
2be1
What is 40326 (base 7) in base 11?
7383
4544 (base 6) to base 9
1421
-2014 (base 6) to base 12
-30a
Convert -3149 (base 12) to base 11.
-4056
Convert 22c7 (base 14) to base 10.
6055
What is -1111001101 (base 2) in base 3?
-1100001
321012 (base 4) to base 3
12000100
What is -3247 (base 9) in base 7?
-6655
What is -299 (base 12) in base 7?
-1116
What is -2734 (base 16) in base 8?
-23464
17 (base 16) to base 7
32
What is -13589 (base 13) in base 15?
-aa75
What is 1421 (base 8) in base 3?
1002002
516 (base 9) to base 8
644
Convert 5530 (base 10) to base 3.
21120211
4262 (base 14) to base 11
8673
What is 11202 (base 8) in base 5?
122423
Convert -12012303 (base 4) to base 6.
-311443
Convert 11110110000001 (base 2) to base 12.
9141
Convert -2122 (base 4) to base 8.
-232
What is a1 (base 14) in base 9?
166
Convert -412053 (base 6) to base 8.
-100141
-22031 (base 4) to base 15
-2d8
4425 (base 8) to base 12
1419
What is 110 (base 11) in base 7?
246
2000003 (base 4) to base 8
20003
What is -1c92 (base 13) in base 5?
-114334
Convert -b25 (base 16) to base 15.
-ca3
Convert -755 (base 12) to base 14.
-569
What is -2b5 (base 12) in base 9?
-522
-503566 (base 7) to base 4
-110311231
Convert -122222 (base 3) to base 12.
-345
c1c2 (base 16) to base 2
1100000111000010
What is -4aa (base 14) in base 4?
-32212
Convert 327 (base 16) to base 6.
3423
-11b1 (base 12) to base 5
-31010
1100211 (base 3) to base 5
12434
-807 (base 13) to base 3
-1212100
Convert 65848 (base 9) to base 8.
125267
b71 (base 12) to base 11
1288
What is 10965 (base 10) in base 3?
120001010
Convert -1a70 (base 14) to base 12.
-2942
-2a4 (base 16) to base 9
-831
-100000111 (base 2) to base 5
-2023
Convert 10100110000100 (base 2) to base 5.
320003
What is -11000100 (base 2) in base 5?
-1241
What is -110000001001 (base 2) in base 11?
-2351
Convert 375 (base 8) to base 2.
11111101
2295 (base 10) to base 6
14343
37b (base 15) to base 11
65a
What is -12032 (base 5) in base 11?
-741
Convert -1211121 (base 3) to base 5.
-20324
What is -1110101101100 (base 2) in base 15?
-2372
What is 111000 (base 3) in base 4?
11133
What is -13677 (base 8) in base 5?
-143304
What is 18113 (base 9) in base 2?
11000011000110
Convert -6278 (base 15) to base 16.
-514d
1463 (base 8) to base 4
30303
What is 569 (base 15) in base 7?
3366
What is -10884 (base 10) in base 12?
-6370
2211002222 (base 3) to base 2
1101100010111100
-3102202 (base 4) to base 7
-